en i is divided by o.
48
Let m(y) = -14*y**2 - 50*y - 38. Let x(f) = 5*f**2 + 17*f + 13. Let k(b) = 4*m(b) + 11*x(b). Let a = 5 + 1. What is the remainder when k(-9) is divided by a?
3
Suppose 32*v + 3*b = 31*v + 512, 4*v - 2020 = -5*b. What is the remainder when v is divided by 226?
48
Let s(r) = -6*r - 7. Let z(i) = i - i + 3*i + 0 - 18. Let l be z(5). Calculate the remainder when 42 is divided by s(l).
9
Let q(f) = -16*f + 509. Let m(o) = 4*o - 5. What is the remainder when m(14) is divided by q(31)?
12
Let a(y) = y**2 + 24*y - 76. Let o(q) = 4*q + 8. Calculate the remainder when o(4) is divided by a(-27).
4
Suppose 0 = -15*t + 18*t - 3*u - 1314, -4*t + 5*u = -1750. Let l = -398 + t. Calculate the remainder when 122 is divided by l.
38
Suppose -2*c = -5*g + 131, g + 2246*c = 2250*c + 1. Let p be 0/(2/2)*1. Suppose 7*n - 3*n - 24 = p. What is the remainder when g is divided by n?
5
Let f = -7376 + 9340. Calculate the remainder when f is divided by 490.
4
Let k(g) = g**3 + 16*g**2 - g - 14. Let a be k(-16). Suppose -b + 719 = 4*n, -a*n - 68*b + 357 = -67*b. What is the remainder when n is divided by 53?
22
Calculate the remainder when 0 + (3 - -47 - -4) is divided by 54.
0
Let d = -23428 + 25149. Calculate the remainder when d is divided by 428.
9
Suppose m + 5*o - 58 = 0, o - 47 + 152 = 2*m. Let w(i) = 63*i - 492. Calculate the remainder when m is divided by w(8).
5
Let i = 10570 - 10472. Calculate the remainder when 312 is divided by i.
18
Let o = -87388 - -87415. Suppose -5*m - 5 = -4*m, -2*a + 191 = 3*m. Calculate the remainder when a is divided by o.
22
Suppose 802 = 11*l - 947. Suppose -335 = 2*y + 3*y. Let m = y + l. Calculate the remainder when m is divided by 31.
30
Suppose x + 3*o - 28 = 0, -5*x + 3*o + 60 + 62 = 0. Let l be (-3)/(2*-6) + (-334)/(-8). Suppose 0 = 2*t - l + 10. What is the remainder when x is divided by t?
9
Let a(x) = -2*x**2 + 107. Calculate the remainder when 13439 is divided by a(6).
34
Suppose 2*o = 3*c - 711, -3*o = c + 4*c + 1019. Let u = 379 + o. What is the remainder when 58 is divided by u?
27
Let k(z) = -2*z**3 + 6*z**2 + 86. What is the remainder when 494 is divided by k(0)?
64
What is the remainder when 2510 is divided by (-4)/(798/(-9234)*(-4)/(-7))?
80
Suppose -7*y + 112 = -2*y - 3. What is the remainder when 25 is divided by y?
2
Calculate the remainder when -595*35/(-49) + 20 is divided by 105.
25
Suppose -26*m + 23*m + 23*m = 11980. Calculate the remainder when 606 is divided by m.
7
Let r(o) = -o**3 + 8*o**2 + 10*o + 3. Let a be r(9). Suppose a*x = -l + 9*x + 20, 0 = 5*l + 3*x - 100. Calculate the remainder when l is divided by 4.
0
Suppose -5*n + 9*n - 2*l - 426 = 0, -2*l + 510 = 5*n. Calculate the remainder when 1253 is divided by n.
5
Suppose -39633 = 1164*z - 1197*z. Calculate the remainder when z is divided by 28.
25
Let g(r) = -r**3 - 9*r**2 + 8*r - 25. Let v be g(-10). Let z = v + 10. Suppose 0 = -z*h + 44 + 16. What is the remainder when 69 is divided by h?
9
Let g = -394 - -394. What is the remainder when (-2060)/(-16) + g + 1/4 is divided by 65?
64
Let z(i) = -3*i - 17. Let w(a) = 10*a + 52. Let k(c) = 5*w(c) + 16*z(c). Calculate the remainder when k(16) is divided by (-2)/12 - (-74)/12.
2
Let k(u) be the second derivative of u**4/12 + 5*u**3/6 + u**2 - 2*u. Suppose 12*g = 2 + 34. What is the remainder when k(-6) is divided by g?
2
Let n(a) = 14*a - 188. Let v be n(14). Suppose -v*u + 36 = -20. Calculate the remainder when (-1)/(-4) + (-183)/(-4) is divided by u.
4
Let l = 171 + -93. Let y = l - 30. Let r(a) = -4*a**3 - 9*a**2 - a - 13. Calculate the remainder when y is divided by r(-3).
14
Let o(p) = p**2 + 6*p - 7. Let s be o(-7). Suppose s = -g - 28 + 36. Calculate the remainder when 32 is divided by (-68)/g*(4 + -2)*-1.
15
Let q = -357 + 369. What is the remainder when 367 is divided by q?
7
Let s = -445 - -754. Suppose -45*h - 43*h + 1408 + 5456 = 0. What is the remainder when s is divided by h?
75
Let r = -10585 + 10608. Let j(a) = a**3 + 2*a**2 + 4*a. What is the remainder when j(4) is divided by r?
20
Let b = 177 + -102. Let u be (10/(-20))/((-2)/44). Let v = u + b. Calculate the remainder when v is divided by 29.
28
Let u(x) be the first derivative of -x**4/4 + 4*x**3 + 17*x**2/2 - 27*x - 55. What is the remainder when u(13) is divided by 6?
1
Let q be 7150/(-30) + (20/(-6))/5. Let x = q - -305. What is the remainder when 126 is divided by x?
60
Let c(h) = 73*h**2 - 1165*h - 36. Calculate the remainder when c(17) is divided by 65.
21
Suppose 5*w - 2*k = 108, w - 7 = 3*k + 25. Suppose -4*r + 30 = -2*r. Suppose w*c = r*c + 295. What is the remainder when c is divided by 21?
17
Let z(s) = 8*s**2 - 7*s - 10. Let y = 77 + -81. Let u be (-3 - (2 - y)*-1)/(-1). Calculate the remainder when z(u) is divided by 21.
20
Let o(p) = 247*p**2 - 3*p - 35. What is the remainder when o(-5) is divided by 47?
45
Let o(k) = 26*k + 2. Let z be o(1). Suppose 0 = l - z - 2. Calculate the remainder when l is divided by 6*5/(-135)*-72.
14
Let c = -96 - -73. Let t = 1 - c. What is the remainder when 70 is divided by t?
22
Let s(f) = -52 - 660*f + f**2 + 0*f**2 + 649*f. What is the remainder when 199 is divided by s(15)?
7
Let p = -26297 - -27165. Calculate the remainder when p is divided by 61.
14
Suppose -5*z = -8*j + 11*j - 1868, -4*j = 16. Calculate the remainder when 1134 is divided by z.
6
Suppose -5*p = -1736 + 1146. What is the remainder when 2949 is divided by p?
117
Suppose -2*o - 5*c - 549 = -6*c, -5*c + 25 = 0. Let s = -252 - o. Calculate the remainder when 199 is divided by s.
19
Let a = -102 + 152. Suppose 0 = -346*b - 1594 + 2632. Calculate the remainder when a is divided by b.
2
Let o(l) = l**3 + 103*l**2 - 432*l - 423. What is the remainder when 1054 is divided by o(-107)?
4
Let x(c) = -3*c**2 + 35 - 26 - 4*c - 2*c. Let s(h) = -h**2 - 3*h + 5. Let i(t) = 7*s(t) - 3*x(t). What is the remainder when 208 is divided by i(-3)?
33
Suppose -106 = -3*t + 2*v, v = -4*t - 0*v + 134. Let m(n) = -n**2 + 25*n - 75. Let h be m(23). Let p = t - h. What is the remainder when p is divided by 32?
31
Suppose 3*d - 15 = 2*n, -3*d - 3 = 4*n - 0*n. Calculate the remainder when n + 8 + 2 + 119 is divided by 16.
14
Calculate the remainder when 168 is divided by 35 + ((-48)/26 - (-5)/(455/(-14))).
3
Calculate the remainder when ((-222)/185)/(8/(-1100)) is divided by 51.
12
Let m = -330 + 466. Let p = 153 - m. Calculate the remainder when p is divided by 5.
2
Let x = -12274 - -12349. What is the remainder when 319 is divided by x?
19
Suppose 7*u - 15*u + 528 = 0. Suppose -3*g = -u - 72. What is the remainder when g is divided by (-2 + -1 - -2) + 11?
6
Suppose -14*y + 16 + 26 = 0. Suppose 4*h + h - 355 = 0. Calculate the remainder when h is divided by (-12)/(9*y/(-18)).
7
Suppose -5*b + n - 5 = 0, 4*b = 33*n - 34*n - 13. Let g = 4 + -7. What is the remainder when 69 is divided by (b/g)/(1/(-3)) - -38?
33
Let b = -2427 - -3534. What is the remainder when 120 is divided by (b/(-36))/(9/(-12))?
38
Suppose 0 = -3*r - v + 11, 0*v = 5*r + v - 15. Suppose -14 - 4 = -r*d. What is the remainder when d is divided by 3?
0
Let f(w) = 107*w - 5108. What is the remainder when 217 is divided by f(48)?
21
Let p = 3 + 18. Let s(k) = -1541*k + 13928. What is the remainder when s(9) is divided by p?
17
Let c be (-2)/(-8)*(-7 - 12/(-4)). Let q be 3 + 48 + (1 - c). Calculate the remainder when (-15)/(-12)*(q + -1) is divided by 23.
19
Suppose -1564*h - 169389 = -1663*h. What is the remainder when h is divided by 107?
106
Let m(t) be the third derivative of -t**5/60 + 7*t**4/8 - 17*t**3/3 + 2*t**2. Calculate the remainder when 53 is divided by m(19).
1
Calculate the remainder when (1 - -1) + 4 - -283 is divided by 10.
9
Let p(l) = 29*l**2 + 4*l - 5. Let s(b) = 24*b**2 + 4*b - 5. Let x(m) = 5*p(m) - 6*s(m). Calculate the remainder when 47 is divided by x(5).
7
Let h = 38 + -34. Suppose -y - 121 = -3*z + 89, 5*z = h*y + 343. What is the remainder when z is divided by 25?
21
Suppose -17 = -5*g - 2. Let t be (-69)/(-3) - 0 - 8. Let c(w) = -31*w + 473. What is the remainder when c(t) is divided by g?
2
Let n = -452 - -632. Suppose -29*i = -n - 110. Calculate the remainder when 79 is divided by i.
9
What is the remainder when 559 - (-8 + 1